{"id":5805,"date":"2026-02-24T15:12:39","date_gmt":"2026-02-24T18:12:39","guid":{"rendered":"https:\/\/devtestemangue.com.br\/valber\/ana-rique\/?post_type=product&#038;p=5805"},"modified":"2026-03-03T10:13:20","modified_gmt":"2026-03-03T13:13:20","slug":"o-olho-de-thander-enxergar-alem","status":"publish","type":"product","link":"https:\/\/anarique.net\/en\/product\/o-olho-de-thander-enxergar-alem\/","title":{"rendered":"O OLHO DE THANDER Enxergar al\u00e9m"},"content":{"rendered":"<p>&nbsp;<\/p>\n<p>O Olho de Thander\u201d \u00e9 um livro que mistura simbolismo e espiritualidade com escolhas da vida.<br \/>\nA narrativa apresenta o olho como s\u00edmbolo de sabedoria, clareza e discernimento.<br \/>\nO leitor \u00e9 conduzido a refletir sobre decis\u00f5es e caminhos que moldam o destino.<br \/>\nCada cap\u00edtulo mostra como intui\u00e7\u00e3o e consci\u00eancia podem ser far\u00f3is em meio \u00e0s incertezas.<br \/>\nA obra convida a enxergar al\u00e9m da superf\u00edcie e ouvir a voz interior.<br \/>\nO \u201cOlho de Thander\u201d representa a luz que revela verdades escondidas.<br \/>\nHist\u00f3rias e met\u00e1foras inspiram a tomar decis\u00f5es com mais coragem e clareza.<br \/>\nO livro ensina que cada escolha \u00e9 tamb\u00e9m um ato de cria\u00e7\u00e3o de futuro.<br \/>\n\u00c9 um guia simb\u00f3lico para compreender os sinais da vida e agir com sabedoria.<br \/>\nUma leitura que desperta vis\u00e3o interior e confian\u00e7a no pr\u00f3prio caminho.<\/p>","protected":false},"excerpt":{"rendered":"<p>H\u00e1 olhos que veem o mundo, e h\u00e1 olhos que veem a alma.<br data-start=\"116\" data-end=\"119\" \/>Este livro revela o despertar de Thander \u2014 aquele que aprende a enxergar al\u00e9m das formas e ilus\u00f5es.<br data-start=\"218\" data-end=\"221\" \/>Entre o vis\u00edvel e o invis\u00edvel, ele descobre que a verdadeira vis\u00e3o nasce do sil\u00eancio interior.<br data-start=\"315\" data-end=\"318\" \/><em data-start=\"318\" data-end=\"339\">\u201cO Olho de Thander\u201d<\/em> \u00e9 uma jornada sobre consci\u00eancia, percep\u00e7\u00e3o e o poder de ver com o cora\u00e7\u00e3o desperto.<br data-start=\"423\" data-end=\"426\" \/>Um convite para abrir a vis\u00e3o que transforma o olhar em sabedoria.<\/p>","protected":false},"featured_media":5862,"comment_status":"open","ping_status":"closed","template":"","meta":[],"product_brand":[],"product_cat":[76,131],"product_tag":[294,295,141,296,97,297],"class_list":{"0":"post-5805","1":"product","2":"type-product","3":"status-publish","4":"has-post-thumbnail","6":"product_cat-e-book","7":"product_cat-infantil","8":"product_tag-alcance","9":"product_tag-alem","10":"product_tag-autoconhecimento","11":"product_tag-enxergar","12":"product_tag-vida","13":"product_tag-visao","15":"first","16":"instock","17":"downloadable","18":"virtual","19":"purchasable","20":"product-type-simple"},"yoast_head":"<!-- This site is optimized with the Yoast SEO plugin v27.5 - https:\/\/yoast.com\/product\/yoast-seo-wordpress\/ -->\n<title>O OLHO DE THANDER Enxergar al\u00e9m - Ana Rique<\/title>\n<meta name=\"robots\" content=\"index, follow, max-snippet:-1, max-image-preview:large, max-video-preview:-1\" \/>\n<link rel=\"canonical\" href=\"https:\/\/anarique.net\/en\/product\/o-olho-de-thander-enxergar-alem\/\" \/>\n<meta property=\"og:locale\" content=\"en_US\" \/>\n<meta property=\"og:type\" content=\"article\" \/>\n<meta property=\"og:title\" content=\"O OLHO DE THANDER Enxergar al\u00e9m - Ana Rique\" \/>\n<meta property=\"og:description\" content=\"H\u00e1 olhos que veem o mundo, e h\u00e1 olhos que veem a alma.Este livro revela o despertar de Thander \u2014 aquele que aprende a enxergar al\u00e9m das formas e ilus\u00f5es.Entre o vis\u00edvel e o invis\u00edvel, ele descobre que a verdadeira vis\u00e3o nasce do sil\u00eancio interior.\u201cO Olho de Thander\u201d \u00e9 uma jornada sobre consci\u00eancia, percep\u00e7\u00e3o e o poder de ver com o cora\u00e7\u00e3o desperto.Um convite para abrir a vis\u00e3o que transforma o olhar em sabedoria.\" \/>\n<meta property=\"og:url\" content=\"https:\/\/anarique.net\/en\/product\/o-olho-de-thander-enxergar-alem\/\" \/>\n<meta property=\"og:site_name\" content=\"Ana Rique\" \/>\n<meta property=\"article:publisher\" content=\"https:\/\/www.facebook.com\/ana.rique.1\" \/>\n<meta property=\"article:modified_time\" content=\"2026-03-03T13:13:20+00:00\" \/>\n<meta property=\"og:image\" content=\"https:\/\/anarique.net\/wp-content\/uploads\/2026\/02\/Design-sem-nome-31.jpg\" \/>\n\t<meta property=\"og:image:width\" content=\"512\" \/>\n\t<meta property=\"og:image:height\" content=\"800\" \/>\n\t<meta property=\"og:image:type\" content=\"image\/jpeg\" \/>\n<meta name=\"twitter:card\" content=\"summary_large_image\" \/>\n<meta name=\"twitter:label1\" content=\"Est. reading time\" \/>\n\t<meta name=\"twitter:data1\" content=\"1 minute\" \/>\n<script type=\"application\/ld+json\" class=\"yoast-schema-graph\">{\"@context\":\"https:\\\/\\\/schema.org\",\"@graph\":[{\"@type\":\"WebPage\",\"@id\":\"https:\\\/\\\/anarique.net\\\/product\\\/o-olho-de-thander-enxergar-alem\\\/\",\"url\":\"https:\\\/\\\/anarique.net\\\/product\\\/o-olho-de-thander-enxergar-alem\\\/\",\"name\":\"O OLHO DE THANDER Enxergar al\u00e9m - Ana Rique\",\"isPartOf\":{\"@id\":\"https:\\\/\\\/anarique.net\\\/#website\"},\"primaryImageOfPage\":{\"@id\":\"https:\\\/\\\/anarique.net\\\/product\\\/o-olho-de-thander-enxergar-alem\\\/#primaryimage\"},\"image\":{\"@id\":\"https:\\\/\\\/anarique.net\\\/product\\\/o-olho-de-thander-enxergar-alem\\\/#primaryimage\"},\"thumbnailUrl\":\"https:\\\/\\\/anarique.net\\\/wp-content\\\/uploads\\\/2026\\\/02\\\/Design-sem-nome-31.jpg\",\"datePublished\":\"2026-02-24T18:12:39+00:00\",\"dateModified\":\"2026-03-03T13:13:20+00:00\",\"breadcrumb\":{\"@id\":\"https:\\\/\\\/anarique.net\\\/product\\\/o-olho-de-thander-enxergar-alem\\\/#breadcrumb\"},\"inLanguage\":\"en-US\",\"potentialAction\":[{\"@type\":\"ReadAction\",\"target\":[\"https:\\\/\\\/anarique.net\\\/product\\\/o-olho-de-thander-enxergar-alem\\\/\"]}]},{\"@type\":\"ImageObject\",\"inLanguage\":\"en-US\",\"@id\":\"https:\\\/\\\/anarique.net\\\/product\\\/o-olho-de-thander-enxergar-alem\\\/#primaryimage\",\"url\":\"https:\\\/\\\/anarique.net\\\/wp-content\\\/uploads\\\/2026\\\/02\\\/Design-sem-nome-31.jpg\",\"contentUrl\":\"https:\\\/\\\/anarique.net\\\/wp-content\\\/uploads\\\/2026\\\/02\\\/Design-sem-nome-31.jpg\",\"width\":512,\"height\":800},{\"@type\":\"BreadcrumbList\",\"@id\":\"https:\\\/\\\/anarique.net\\\/product\\\/o-olho-de-thander-enxergar-alem\\\/#breadcrumb\",\"itemListElement\":[{\"@type\":\"ListItem\",\"position\":1,\"name\":\"In\u00edcio\",\"item\":\"https:\\\/\\\/anarique.net\\\/\"},{\"@type\":\"ListItem\",\"position\":2,\"name\":\"Nossos Produtos\",\"item\":\"https:\\\/\\\/anarique.net\\\/shop\\\/\"},{\"@type\":\"ListItem\",\"position\":3,\"name\":\"O OLHO DE THANDER Enxergar al\u00e9m\"}]},{\"@type\":\"WebSite\",\"@id\":\"https:\\\/\\\/anarique.net\\\/#website\",\"url\":\"https:\\\/\\\/anarique.net\\\/\",\"name\":\"Ana Rique\",\"description\":\"Psicoterapeuta, Neuropsic\u00f3loga e Fonoaudi\u00f3loga\",\"publisher\":{\"@id\":\"https:\\\/\\\/anarique.net\\\/#organization\"},\"potentialAction\":[{\"@type\":\"SearchAction\",\"target\":{\"@type\":\"EntryPoint\",\"urlTemplate\":\"https:\\\/\\\/anarique.net\\\/?s={search_term_string}\"},\"query-input\":{\"@type\":\"PropertyValueSpecification\",\"valueRequired\":true,\"valueName\":\"search_term_string\"}}],\"inLanguage\":\"en-US\"},{\"@type\":\"Organization\",\"@id\":\"https:\\\/\\\/anarique.net\\\/#organization\",\"name\":\"Ana Rique\",\"url\":\"https:\\\/\\\/anarique.net\\\/\",\"logo\":{\"@type\":\"ImageObject\",\"inLanguage\":\"en-US\",\"@id\":\"https:\\\/\\\/anarique.net\\\/#\\\/schema\\\/logo\\\/image\\\/\",\"url\":\"https:\\\/\\\/anarique.net\\\/wp-content\\\/uploads\\\/2022\\\/12\\\/nova-logo-ana-rique-com-texto-2.png\",\"contentUrl\":\"https:\\\/\\\/anarique.net\\\/wp-content\\\/uploads\\\/2022\\\/12\\\/nova-logo-ana-rique-com-texto-2.png\",\"width\":1085,\"height\":1402,\"caption\":\"Ana Rique\"},\"image\":{\"@id\":\"https:\\\/\\\/anarique.net\\\/#\\\/schema\\\/logo\\\/image\\\/\"},\"sameAs\":[\"https:\\\/\\\/www.facebook.com\\\/ana.rique.1\",\"https:\\\/\\\/www.instagram.com\\\/saberesdocaminhar\\\/\",\"https:\\\/\\\/www.youtube.com\\\/channel\\\/UCkkYqxoNO73Gop54ONtytWA\"]}]}<\/script>\n<!-- \/ Yoast SEO plugin. -->","yoast_head_json":{"title":"O OLHO DE THANDER Enxergar al\u00e9m - Ana Rique","robots":{"index":"index","follow":"follow","max-snippet":"max-snippet:-1","max-image-preview":"max-image-preview:large","max-video-preview":"max-video-preview:-1"},"canonical":"https:\/\/anarique.net\/en\/product\/o-olho-de-thander-enxergar-alem\/","og_locale":"en_US","og_type":"article","og_title":"O OLHO DE THANDER Enxergar al\u00e9m - Ana Rique","og_description":"H\u00e1 olhos que veem o mundo, e h\u00e1 olhos que veem a alma.Este livro revela o despertar de Thander \u2014 aquele que aprende a enxergar al\u00e9m das formas e ilus\u00f5es.Entre o vis\u00edvel e o invis\u00edvel, ele descobre que a verdadeira vis\u00e3o nasce do sil\u00eancio interior.\u201cO Olho de Thander\u201d \u00e9 uma jornada sobre consci\u00eancia, percep\u00e7\u00e3o e o poder de ver com o cora\u00e7\u00e3o desperto.Um convite para abrir a vis\u00e3o que transforma o olhar em sabedoria.","og_url":"https:\/\/anarique.net\/en\/product\/o-olho-de-thander-enxergar-alem\/","og_site_name":"Ana Rique","article_publisher":"https:\/\/www.facebook.com\/ana.rique.1","article_modified_time":"2026-03-03T13:13:20+00:00","og_image":[{"width":512,"height":800,"url":"https:\/\/anarique.net\/wp-content\/uploads\/2026\/02\/Design-sem-nome-31.jpg","type":"image\/jpeg"}],"twitter_card":"summary_large_image","twitter_misc":{"Est. reading time":"1 minute"},"schema":{"@context":"https:\/\/schema.org","@graph":[{"@type":"WebPage","@id":"https:\/\/anarique.net\/product\/o-olho-de-thander-enxergar-alem\/","url":"https:\/\/anarique.net\/product\/o-olho-de-thander-enxergar-alem\/","name":"O OLHO DE THANDER Enxergar al\u00e9m - Ana Rique","isPartOf":{"@id":"https:\/\/anarique.net\/#website"},"primaryImageOfPage":{"@id":"https:\/\/anarique.net\/product\/o-olho-de-thander-enxergar-alem\/#primaryimage"},"image":{"@id":"https:\/\/anarique.net\/product\/o-olho-de-thander-enxergar-alem\/#primaryimage"},"thumbnailUrl":"https:\/\/anarique.net\/wp-content\/uploads\/2026\/02\/Design-sem-nome-31.jpg","datePublished":"2026-02-24T18:12:39+00:00","dateModified":"2026-03-03T13:13:20+00:00","breadcrumb":{"@id":"https:\/\/anarique.net\/product\/o-olho-de-thander-enxergar-alem\/#breadcrumb"},"inLanguage":"en-US","potentialAction":[{"@type":"ReadAction","target":["https:\/\/anarique.net\/product\/o-olho-de-thander-enxergar-alem\/"]}]},{"@type":"ImageObject","inLanguage":"en-US","@id":"https:\/\/anarique.net\/product\/o-olho-de-thander-enxergar-alem\/#primaryimage","url":"https:\/\/anarique.net\/wp-content\/uploads\/2026\/02\/Design-sem-nome-31.jpg","contentUrl":"https:\/\/anarique.net\/wp-content\/uploads\/2026\/02\/Design-sem-nome-31.jpg","width":512,"height":800},{"@type":"BreadcrumbList","@id":"https:\/\/anarique.net\/product\/o-olho-de-thander-enxergar-alem\/#breadcrumb","itemListElement":[{"@type":"ListItem","position":1,"name":"In\u00edcio","item":"https:\/\/anarique.net\/"},{"@type":"ListItem","position":2,"name":"Nossos Produtos","item":"https:\/\/anarique.net\/shop\/"},{"@type":"ListItem","position":3,"name":"O OLHO DE THANDER Enxergar al\u00e9m"}]},{"@type":"WebSite","@id":"https:\/\/anarique.net\/#website","url":"https:\/\/anarique.net\/","name":"Ana Rique","description":"Psicoterapeuta, Neuropsic\u00f3loga e Fonoaudi\u00f3loga","publisher":{"@id":"https:\/\/anarique.net\/#organization"},"potentialAction":[{"@type":"SearchAction","target":{"@type":"EntryPoint","urlTemplate":"https:\/\/anarique.net\/?s={search_term_string}"},"query-input":{"@type":"PropertyValueSpecification","valueRequired":true,"valueName":"search_term_string"}}],"inLanguage":"en-US"},{"@type":"Organization","@id":"https:\/\/anarique.net\/#organization","name":"Ana Rique","url":"https:\/\/anarique.net\/","logo":{"@type":"ImageObject","inLanguage":"en-US","@id":"https:\/\/anarique.net\/#\/schema\/logo\/image\/","url":"https:\/\/anarique.net\/wp-content\/uploads\/2022\/12\/nova-logo-ana-rique-com-texto-2.png","contentUrl":"https:\/\/anarique.net\/wp-content\/uploads\/2022\/12\/nova-logo-ana-rique-com-texto-2.png","width":1085,"height":1402,"caption":"Ana Rique"},"image":{"@id":"https:\/\/anarique.net\/#\/schema\/logo\/image\/"},"sameAs":["https:\/\/www.facebook.com\/ana.rique.1","https:\/\/www.instagram.com\/saberesdocaminhar\/","https:\/\/www.youtube.com\/channel\/UCkkYqxoNO73Gop54ONtytWA"]}]}},"_links":{"self":[{"href":"https:\/\/anarique.net\/en\/wp-json\/wp\/v2\/product\/5805","targetHints":{"allow":["GET"]}}],"collection":[{"href":"https:\/\/anarique.net\/en\/wp-json\/wp\/v2\/product"}],"about":[{"href":"https:\/\/anarique.net\/en\/wp-json\/wp\/v2\/types\/product"}],"replies":[{"embeddable":true,"href":"https:\/\/anarique.net\/en\/wp-json\/wp\/v2\/comments?post=5805"}],"version-history":[{"count":1,"href":"https:\/\/anarique.net\/en\/wp-json\/wp\/v2\/product\/5805\/revisions"}],"predecessor-version":[{"id":5863,"href":"https:\/\/anarique.net\/en\/wp-json\/wp\/v2\/product\/5805\/revisions\/5863"}],"wp:featuredmedia":[{"embeddable":true,"href":"https:\/\/anarique.net\/en\/wp-json\/wp\/v2\/media\/5862"}],"wp:attachment":[{"href":"https:\/\/anarique.net\/en\/wp-json\/wp\/v2\/media?parent=5805"}],"wp:term":[{"taxonomy":"product_brand","embeddable":true,"href":"https:\/\/anarique.net\/en\/wp-json\/wp\/v2\/product_brand?post=5805"},{"taxonomy":"product_cat","embeddable":true,"href":"https:\/\/anarique.net\/en\/wp-json\/wp\/v2\/product_cat?post=5805"},{"taxonomy":"product_tag","embeddable":true,"href":"https:\/\/anarique.net\/en\/wp-json\/wp\/v2\/product_tag?post=5805"}],"curies":[{"name":"wp","href":"https:\/\/api.w.org\/{rel}","templated":true}]}}

O OLHO DE THANDER Enxergar além

<p>&nbsp;</p>
<p>O Olho de Thander” é um livro que mistura simbolismo e espiritualidade com escolhas da vida.<br />
A narrativa apresenta o olho como símbolo de sabedoria, clareza e discernimento.<br />
O leitor é conduzido a refletir sobre decisões e caminhos que moldam o destino.<br />
Cada capítulo mostra como intuição e consciência podem ser faróis em meio às incertezas.<br />
A obra convida a enxergar além da superfície e ouvir a voz interior.<br />
O “Olho de Thander” representa a luz que revela verdades escondidas.<br />
Histórias e metáforas inspiram a tomar decisões com mais coragem e clareza.<br />
O livro ensina que cada escolha é também um ato de criação de futuro.<br />
É um guia simbólico para compreender os sinais da vida e agir com sabedoria.<br />
Uma leitura que desperta visão interior e confiança no próprio caminho.</p>

<p>Há olhos que veem o mundo, e há olhos que veem a alma.<br data-start="116" data-end="119" />Este livro revela o despertar de Thander — aquele que aprende a enxergar além das formas e ilusões.<br data-start="218" data-end="221" />Entre o visível e o invisível, ele descobre que a verdadeira visão nasce do silêncio interior.<br data-start="315" data-end="318" /><em data-start="318" data-end="339">“O Olho de Thander”</em> é uma jornada sobre consciência, percepção e o poder de ver com o coração desperto.<br data-start="423" data-end="426" />Um convite para abrir a visão que transforma o olhar em sabedoria.</p>

<!-- This site is optimized with the Yoast SEO plugin v27.5 - https://yoast.com/product/yoast-seo-wordpress/ -->
<title>O OLHO DE THANDER Enxergar além - Ana Rique</title>
<meta name="robots" content="index, follow, max-snippet:-1, max-image-preview:large, max-video-preview:-1" />
<link rel="canonical" href="https://anarique.net/en/product/o-olho-de-thander-enxergar-alem/" />
<meta property="og:locale" content="en_US" />
<meta property="og:type" content="article" />
<meta property="og:title" content="O OLHO DE THANDER Enxergar além - Ana Rique" />
<meta property="og:description" content="Há olhos que veem o mundo, e há olhos que veem a alma.Este livro revela o despertar de Thander — aquele que aprende a enxergar além das formas e ilusões.Entre o visível e o invisível, ele descobre que a verdadeira visão nasce do silêncio interior.“O Olho de Thander” é uma jornada sobre consciência, percepção e o poder de ver com o coração desperto.Um convite para abrir a visão que transforma o olhar em sabedoria." />
<meta property="og:url" content="https://anarique.net/en/product/o-olho-de-thander-enxergar-alem/" />
<meta property="og:site_name" content="Ana Rique" />
<meta property="article:publisher" content="https://www.facebook.com/ana.rique.1" />
<meta property="article:modified_time" content="2026-03-03T13:13:20+00:00" />
<meta property="og:image" content="https://anarique.net/wp-content/uploads/2026/02/Design-sem-nome-31.jpg" />
	<meta property="og:image:width" content="512" />
	<meta property="og:image:height" content="800" />
	<meta property="og:image:type" content="image/jpeg" />
<meta name="twitter:card" content="summary_large_image" />
<meta name="twitter:label1" content="Est. reading time" />
	<meta name="twitter:data1" content="1 minute" />
<script type="application/ld+json" class="yoast-schema-graph">{"@context":"https:\/\/schema.org","@graph":[{"@type":"WebPage","@id":"https:\/\/anarique.net\/product\/o-olho-de-thander-enxergar-alem\/","url":"https:\/\/anarique.net\/product\/o-olho-de-thander-enxergar-alem\/","name":"O OLHO DE THANDER Enxergar além - Ana Rique","isPartOf":{"@id":"https:\/\/anarique.net\/#website"},"primaryImageOfPage":{"@id":"https:\/\/anarique.net\/product\/o-olho-de-thander-enxergar-alem\/#primaryimage"},"image":{"@id":"https:\/\/anarique.net\/product\/o-olho-de-thander-enxergar-alem\/#primaryimage"},"thumbnailUrl":"https:\/\/anarique.net\/wp-content\/uploads\/2026\/02\/Design-sem-nome-31.jpg","datePublished":"2026-02-24T18:12:39+00:00","dateModified":"2026-03-03T13:13:20+00:00","breadcrumb":{"@id":"https:\/\/anarique.net\/product\/o-olho-de-thander-enxergar-alem\/#breadcrumb"},"inLanguage":"en-US","potentialAction":[{"@type":"ReadAction","target":["https:\/\/anarique.net\/product\/o-olho-de-thander-enxergar-alem\/"]}]},{"@type":"ImageObject","inLanguage":"en-US","@id":"https:\/\/anarique.net\/product\/o-olho-de-thander-enxergar-alem\/#primaryimage","url":"https:\/\/anarique.net\/wp-content\/uploads\/2026\/02\/Design-sem-nome-31.jpg","contentUrl":"https:\/\/anarique.net\/wp-content\/uploads\/2026\/02\/Design-sem-nome-31.jpg","width":512,"height":800},{"@type":"BreadcrumbList","@id":"https:\/\/anarique.net\/product\/o-olho-de-thander-enxergar-alem\/#breadcrumb","itemListElement":[{"@type":"ListItem","position":1,"name":"Início","item":"https:\/\/anarique.net\/"},{"@type":"ListItem","position":2,"name":"Nossos Produtos","item":"https:\/\/anarique.net\/shop\/"},{"@type":"ListItem","position":3,"name":"O OLHO DE THANDER Enxergar além"}]},{"@type":"WebSite","@id":"https:\/\/anarique.net\/#website","url":"https:\/\/anarique.net\/","name":"Ana Rique","description":"Psicoterapeuta, Neuropsicóloga e Fonoaudióloga","publisher":{"@id":"https:\/\/anarique.net\/#organization"},"potentialAction":[{"@type":"SearchAction","target":{"@type":"EntryPoint","urlTemplate":"https:\/\/anarique.net\/?s={search_term_string}"},"query-input":{"@type":"PropertyValueSpecification","valueRequired":true,"valueName":"search_term_string"}}],"inLanguage":"en-US"},{"@type":"Organization","@id":"https:\/\/anarique.net\/#organization","name":"Ana Rique","url":"https:\/\/anarique.net\/","logo":{"@type":"ImageObject","inLanguage":"en-US","@id":"https:\/\/anarique.net\/#\/schema\/logo\/image\/","url":"https:\/\/anarique.net\/wp-content\/uploads\/2022\/12\/nova-logo-ana-rique-com-texto-2.png","contentUrl":"https:\/\/anarique.net\/wp-content\/uploads\/2022\/12\/nova-logo-ana-rique-com-texto-2.png","width":1085,"height":1402,"caption":"Ana Rique"},"image":{"@id":"https:\/\/anarique.net\/#\/schema\/logo\/image\/"},"sameAs":["https:\/\/www.facebook.com\/ana.rique.1","https:\/\/www.instagram.com\/saberesdocaminhar\/","https:\/\/www.youtube.com\/channel\/UCkkYqxoNO73Gop54ONtytWA"]}]}</script>
<!-- / Yoast SEO plugin. -->

O OLHO DE THANDER Enxergar além - Ana Rique

Há olhos que veem o mundo, e há olhos que veem a alma.Este livro revela o despertar de Thander — aquele que aprende a enxergar além das formas e ilusões.Entre o visível e o invisível, ele descobre que a verdadeira visão nasce do silêncio interior.“O Olho de Thander” é uma jornada sobre consciência, percepção e o poder de ver com o coração desperto.Um convite para abrir a visão que transforma o olhar em sabedoria.

Início

Psicoterapeuta, Neuropsicóloga e Fonoaudióloga
